 highest common factor of 668393 and 4950.
11
Calculate the greatest common factor of 1792 and 576856.
56
What is the highest common divisor of 222530 and 8960?
70
Calculate the highest common divisor of 5096 and 75378758.
1274
Calculate the greatest common divisor of 20512 and 9125276.
2564
Calculate the greatest common divisor of 265073 and 139.
139
Calculate the greatest common factor of 2253014 and 2513348.
3214
What is the greatest common divisor of 670720138 and 412?
206
What is the greatest common divisor of 816 and 1790491?
17
What is the greatest common factor of 5932745 and 122395?
455
What is the highest common divisor of 421171675 and 3650?
1825
Calculate the highest common divisor of 251790 and 2831010.
210
What is the highest common factor of 4717893 and 24?
3
What is the greatest common factor of 1279493 and 133?
1
What is the highest common factor of 513383 and 5621458?
1717
What is the greatest common factor of 25263 and 2697527?
2807
Calculate the highest common factor of 1016193645 and 318.
159
What is the highest common factor of 161700 and 15321900?
3300
What is the greatest common factor of 6735 and 181834224?
1347
What is the highest common factor of 13013 and 8222357?
1859
What is the highest common divisor of 1968 and 46676409?
123
What is the highest common divisor of 22385333 and 74?
37
Calculate the highest common factor of 164688082 and 52.
26
Calculate the highest common divisor of 23604 and 492828.
84
Calculate the greatest common factor of 1157 and 2457557.
89
What is the greatest common divisor of 15239 and 16856?
49
Calculate the highest common factor of 3092425 and 987.
7
Calculate the greatest common divisor of 153 and 17966943.
153
What is the greatest common divisor of 47904 and 219360?
96
What is the highest common divisor of 530 and 11541598?
106
Calculate the greatest common factor of 87326 and 40.
2
What is the highest common factor of 9955 and 4768115?
55
Calculate the greatest common divisor of 6042 and 6797022.
114
Calculate the highest common divisor of 37092 and 909316.
1124
What is the highest common factor of 520 and 62115144?
104
What is the highest common divisor of 1888290 and 279?
9
Calculate the highest common divisor of 383481 and 92421.
189
Calculate the greatest common factor of 31700538 and 1581.
93
What is the greatest common divisor of 9 and 1429?
1
What is the greatest common factor of 40794549 and 123?
123
What is the highest common factor of 55496 and 43448?
8
Calculate the highest common factor of 417950248 and 1132.
1132
Calculate the greatest common divisor of 1244756 and 8.
4
Calculate the greatest common factor of 204610472 and 4192.
1048
What is the highest common divisor of 191025 and 2475?
225
Calculate the greatest common divisor of 87072 and 162.
6
Calculate the greatest common divisor of 275 and 13140160.
55
Calculate the greatest common divisor of 450792 and 1206792.
216
Calculate the greatest common factor of 25 and 212125100.
25
What is the highest common divisor of 6680 and 4676?
668
Calculate the highest common factor of 5006330 and 23290.
170
What is the highest common divisor of 1236983562 and 162?
162
What is the highest common divisor of 592 and 42287522?
74
What is the highest common factor of 11067 and 81161689?
3689
Calculate the highest common factor of 3056093 and 399.
19
Calculate the greatest common factor of 1250 and 38385250.
250
Calculate the greatest common factor of 212299 and 14194.
47
What is the greatest common divisor of 1612589 and 2728?
341
What is the greatest common divisor of 8183715 and 90?
15
What is the greatest common divisor of 174 and 226008?
6
What is the greatest common divisor of 855335 and 1625?
65
Calculate the greatest common factor of 453211 and 4191.
11
Calculate the greatest common factor of 122038 and 28546.
14
Calculate the highest common factor of 294 and 1931118.
42
What is the greatest common factor of 107844 and 4468173?
2451
What is the highest common divisor of 8 and 17442344?
8
Calculate the greatest common factor of 1777319 and 1376.
43
Calculate the greatest common divisor of 24728 and 145892109.
3091
What is the greatest common factor of 66811 and 436624?
941
Calculate the highest common divisor of 109318 and 115984.
22
Calculate the greatest common divisor of 3165885 and 51.
3
Calculate the highest common divisor of 11643375 and 25620.
915
What is the highest common factor of 30 and 2194026?
6
Calculate the greatest common divisor of 3392 and 50936.
8
What is the greatest common factor of 3840 and 17684736?
768
What is the highest common divisor of 128600120 and 660?
220
What is the greatest common divisor of 6293 and 172956?
203
What is the highest common divisor of 3239 and 310717270?
3239
What is the greatest common factor of 45 and 426978?
9
Calculate the greatest common factor of 96349332 and 888.
444
What is the greatest common divisor of 18349 and 839078?
311
What is the highest common divisor of 3422262 and 8142?
138
What is the highest common factor of 3508 and 30123196?
3508
What is the greatest common divisor of 400 and 9729025?
25
What is the highest common divisor of 6913 and 1176481?
31
Calculate the highest common factor of 8907975 and 2650.
1325
Calculate the greatest common factor of 137760 and 2878528.
1312
What is the greatest common factor of 3166835 and 595?
35
What is the highest common factor of 672 and 8381478?
42
Calculate the greatest common factor of 5050 and 22585.
5
What is the greatest common divisor of 144102 and 17907?
141
Calculate the greatest common factor of 1197 and 1709169567.
399
Calculate the greatest common divisor of 605136948 and 309.
309
What is the greatest common divisor of 128 and 5427376?
16
What is the greatest common factor of 3108097 and 158?
79
Calculate the highest common divisor of 550293 and 354.
177
What is the highest common divisor of 6247256 and 36584?
2152
Calculate the highest common divisor of 12367875 and 75.
75
What is the highest common factor of 2948 and 391032368?
268
What is the highest common factor of 212832 and 5760?
288
What is the greatest common divisor of 9126 and 17678?
2
What is the greatest common factor of 7612 and 8569209?
1903
Calculate the greatest common factor of 1680720 and 80135.
235
Calculate the highest common divisor of 5564 and 242164.
52
What is the highest common divisor of 611 and 124928397?
47
What is the highest common factor of 270406235 and 4015?
4015
What is the greatest common factor of 91118149 and 718?
359
What is the greatest common factor of 1341976 and 1?
1
What is the greatest common divisor of 2634 and 420562?
878
Calculate the highest common divisor of 42012 and 322488.
108
Calculate the highest common divisor of 2752 and 110016.
64
Calculate the highest common factor of 5232 and 169722156.
1308
What is the greatest common factor of 17861 and 6860983?
337
Calculate the greatest common divisor of 987315 and 109375.
35
What is the highest common factor of 18841 and 25?
1
Calculate the greatest common divisor of 1297128 and 279006.
294
Calculate the highest common divisor of 3056232 and 120.
24
Calculate the greatest common factor of 6832 and 1246.
14
Calculate the highest common factor of 6221889 and 17073.
2439
Calculate the greatest common factor of 25 and 626749.
1
Calculate the greatest common divisor of 199912662 and 60.
6
What is the highest common divisor of 30360 and 30130?
230
What is the greatest common factor of 303826102 and 93?
31
Calculate the greatest common factor of 24215170 and 106.
106
What is the highest common factor of 714 and 20787634?
238
Calculate the greatest common divisor of 5310 and 569610.
90
What is the highest common divisor of 18 and 703071018?
18
What is the greatest common divisor of 241 and 530488477?
241
What is the greatest common factor of 398737 and 373?
373
Calculate the greatest common factor of 166 and 198876134.
166
What is the greatest common factor of 3958518 and 15366?
1182
Calculate the highest common divisor of 871547896 and 12522.
4174
Calculate the highest common divisor of 66281 and 67229.
79
Calculate the highest common factor of 3807550 and 1280.
10
What is the highest common factor of 1967796 and 8037?
423
Calculate the greatest common divisor of 81126